.
2
Calculate -10 + 4 + (-20 - -9) + 12.
-5
Calculate 32 + -34 + 4 + -1 + 6.
7
What is 5 - (3 + (-7 - (-6 + 2)))?
5
What is 1 + 0 - (13 + (13 - 25))?
0
What is the value of -3 - -14 - -1 - (13 + (2 - 11))?
8
Evaluate (-14 - (-17 + 8)) + (-1 - -1) + 0.
-5
Evaluate -5 - (-31 - (-10 + 9)) - 11.
14
0 + 11 - (80 - 59)
-10
-16 + (53 - -13) + -42
8
Evaluate (0 - 8 - (-67 + 73)) + 4.
-10
-22 - 0 - (493 - 493)
-22
Calculate (-1 - 2) + 34 + (-19 - -11).
23
What is (26 - 20) + (3 - 17) + -1?
-9
What is the value of 31 + 23 + -29 + -6?
19
Evaluate 1 + -16 - ((-13 - (-26 + -5)) + -19).
-14
Evaluate -9 + 18 + (0 - (6 - -3)).
0
Calculate (-30 - -18) + 22 + -17 - (2 + -12).
3
Calculate 0 - (2 + -3 - (-8 + 0 - 2)).
-9
-35 + (13 - 13) + 5 + 9
-21
What is (6 - 1) + -32 + 29?
2
Evaluate -125 - -121 - (2 + -4).
-2
-24 - (60 - 40 - 14)
-30
Evaluate (1 - 3) + (85 - 76) + -11.
-4
Evaluate -13 + (1 - (-1 + 12)) + (-172 - -176).
-19
What is 69 + -63 + -4 + 12?
14
Calculate -17 + (3 - -7) + (15 - 1) + 8.
15
Evaluate 2 + -31 + (-71 - -53) + 18.
-29
What is the value of 10 + (3 - 14 - (-20 - 1))?
20
What is (93 - 105 - (-5 - 2)) + -9?
-14
What is the value of -7 - (-14 + (-10 - -28))?
-11
What is (0 - 1) + (0 - (-10 + 20)) + 4?
-7
What is the value of (7 - (-1 - (-4 - -2))) + -15?
-9
Evaluate 9 + -4 + 2 + -10 + -3 + 9.
3
What is the value of (-97 - -63) + (1 - -45)?
12
What is 0 - -16 - (-46 - -44) - -2?
20
Evaluate 29 + 0 + (-31 - -20).
18
What is the value of 23 + 1 + (7 - 2) + -5?
24
Calculate (-11 - -22 - 27) + 1.
-15
What is 0 - 25 - (-6 + -11 + 13)?
-21
Calculate -3 + 1 + (2 - 3) + 4.
1
What is the value of (16 + -9 - 5) + 2 - -6?
10
What is the value of (-2 - 9 - 11) + 4?
-18
25 - ((30 - -30) + -25)
-10
Calculate (3 - (-47 + 69 - (1 + -4))) + -8.
-30
16 + -2 + 2 + -4 - (68 + -76)
20
What is the value of (-12 - -7) + 11 - 3 - (-1 + -19)?
23
What is the value of -1 + -1 + (-17 - -4) + (0 - -9)?
-6
What is the value of -4 - (2 + (-61 + 53 - (4 - 0)))?
6
What is 87 + -72 + 10 + -52?
-27
Evaluate -3 + (-51 - -56) - (1 + 8).
-7
What is 9 - -9 - (2 - (-3 - 2))?
11
(12 - 16) + -16 - (-21 - -12)
-11
Evaluate -1 - ((1 - -1) + -3 + 38 + -32).
-6
What is the value of -26 + 24 - ((-2 - 1) + -4 + 1)?
4
Evaluate -2 + -3 - 1 - (-1 - (1 + -2)).
-6
Calculate -28 + -9 + -11 + 32.
-16
Calculate -9 - (1 - 20) - -3.
13
What is 1 + (-5 + 12 - 9) + -11 - -38?
26
(3 - (0 - (4 - 0))) + 35 + -28
14
Evaluate (-28 - -8) + 10 - 5.
-15
What is -4 - ((-12 + 22 - 13) + -1 + -2)?
2
What is 0 + 6 + -30 + -26 + 41?
-9
-2 - (5 + -3) - (288 - 304)
12
What is -3 + (-22 - (-16 + (18 - 12)))?
-15
Evaluate (-2 - (21 + (-20 - 7))) + (-7 - -1).
-2
What is -2 - (-1 + -21) - 21?
-1
What is (5 + -10 - -4) + (3 - (19 + -6))?
-11
Calculate 12 + (-1 - 2) + 4 + -2.
11
What is the value of 22 + -11 - (-19 - -33)?
-3
(-24 - -10) + 5 + 2 - 11
-18
What is the value of 8 + -12 + -9 + (-16 - -17)?
-12
(-4 - (20 - 15) - -26) + 8
25
Calculate -9 + (4 - 12) + (21 - 1).
3
What is the value of (-26 - -49) + (-7 - 1 - -3)?
18
Calculate (-16 - -28) + (14 - 13).
13
5 + (-7 + -4 - -5) + -1 + -2
-4
1 - -5 - (198 - 173)
-19
What is the value of 43 + 1 - (99 + -77)?
22
Evaluate 11 - 2 - -1 - (135 + -41 + -53).
-31
What is the value of 0 + -5 - (4 + (-2 - -4) + -6)?
-5
-22 + (36 - (2 - -16))
-4
-7 + -6 + 16 - (-1 + 2 + 16)
-14
Calculate -8 + (15 - 7) - (-2 - 9).
11
Evaluate -9 + 1 + (11 - -3) - 9.
-3
What is the value of -4 + 5 + -13 + -8?
-20
What is the value of (17 - (-7 + 13)) + 2?
13
10 - (-24 + 13 - -16)
5
Calculate 17 + -11 + -1 + -5 - -2.
2
What is the value of -3 + (2 + -22 + 15 - (-6 - -1))?
-3
Calculate -12 + (-33 - -59) + -29.
-15
72 + -76 - (0 - 8 - 1)
5
Calculate -3 + (-5 - (-7 - (2 - 2))) + 5.
4
4 + -8 + (-13 - -2 - -3)
-12
What is the value of 3 + (8 - (-6 + 22) - -6) - -4?
5
Calculate (0 - 0 - 10) + -185 + 189.
-6
Evaluate -2 + -2 + (-1 - -22) + (-94 - -103).
26
What is 0 + -5 + 13 + (-3 - 0 - -5)?
10
What is 22 + -23 - 25 - -14?
-12
Evaluate 18 + -2 + (35 + -21 - 35).
-5
Calculate 6 - 0 - (-86 - -86) - (2 - -20).
-16
Calculate (4 - (13 - (-9 - -15))) + 18.
15
Calculate -4 - (-3 - (-10 - -9)) - (1 - -12).
-15
Evaluate -12 + 10 + -34 + 9.
-27
17 + -3 - 11 - 36 - -3
-30
1 + 17 + -7 + -8 + -8
-5
What is -20 + (-7 - -8 - -5) + 13?
-1
What is the value of 20 + -12 + 12 - 2?
18
What is the value of 10 - (-10 + 21) - 20?
-21
6 + (-10 - (-20 - -10)) - 12
-6
Evaluate 620 - 622 - (-2 + 14 - (1 + -3)).
-16
What is the value of 34 + -30 + (-1 - 18) + (-1 - -2)?
-14
Evaluate (14 + -32 - -6 - -11) + -9.
-10
What is 10 + (3 - 20 - -14 - 22)?
-15
What is the value of 24 + 5 + (0 - 18)?
11
What is the value of (302 - 306) + (-18 - -3)?
-19
Evaluate 19 - (-3 - -9 - 6).
19
Calculate 15 + 9 + -24 + 17.
17
Calculate (-8 - (-3 + (-1 - -1))) + (-54 - -52).
-7
Evaluate 17 - ((-30 - -44) + -16).
19
(15 - -10) + -12 + 7 + -6
14
Evaluate -9 - (-1 + -6 - ((-1 - 2) + -3)).
-8
Evaluate -8 + (22 - 6) + -24 + 9 - 4.
-11
What is the value of 23 + (5 - 18) + (0 - 4)?
6
Calculate (-1 - 4 - 0) + (-33 - (-18 + 2)).
-22
Evaluate -12 + 76 - (-17 + 57).
24
1 + (-6 - (-41 + 23))
13
What is the value of -17 - (-23 + -30 + 74)?
-38
What is the value of -6 + 2 + (-8 - (7 + -13)) + 1?
-5
14 + 4 + (-6 + (13 - -4) - 14)
15
Calculate (15 - 31) + -13 + 43 - 4.
10
What is the value of (9 - (17 - 8)) + (-7 - -14)?
7
What is the value of 18 + -6 + -12 - -10?
10
What is the value of 10 + -20 - (-5 + 10 + -25)?
10
What is -9 + -1 + 1 + -24 + 24 + 2?
-7
What is 16 + 15 + (-12 - (-11 + 5))?
25
What is 1 + 17 - (2 + 18 - (170 + -144))?
24
Evaluate (-13 - -18) + (-7 - (-1 + -2)) + 9.
10
What is -16 + (-21 - -24) + 21?
8
Calculate (25 - 16) + -2 + 8.
15
9 - (-3 + -3) - 4
11
What is 10 - (3 + 4) - (0 + 13 + -3)?
-7
(-28 - 1) + (78 - 83)
-34
Evaluate 12 - ((-9 - -18) + 15).
-12
-3 + (-3 - 11) + 9
-8
Calculate 8 - (0 + -12 - (-20 + -5 + 18)).
13
Calculate -1 + -4 - ((-18 - -2) + 8 - -3).
0
What is -6 + (-7 + -2 - -5 - -6) - -4?
0
Evaluate (39 - 81 - -50) + -2 + (4 - 2).
8
What is -13 - ((-16 - 0) + 18)?
-15
Calculate -2 + (-1 - 10) - -2.
-11
Evaluate 15 + 1 + 2 - (4 - 2).
16
(12 - 17 - (-1 - 1 - 2)) + 2
1
Evaluate -4 + 2 + -11 + (176 - 175).
-12
-7 + 55 + -11 - 7 - (5 - 0)
25
What is 0 - 14 - -58 - 68?
-24
What is the value of -4 + -5 + 48 + (8 - -4) + -21?
30
What is (2 - 6) + (-9 - -14) + (1 - 0)?
2
Evaluate 8 + -30 - (-6 - (5 - 3)).
-14
What is 15 + -1 + -68 + 47 - -28?
21
Evaluate 161 - 165 - (2 - (2 + -1)).
-5
Evaluate (4 - 19) + (-19 - -49 - 42).
-27
(-5 - -11) + 6 - 12 - 8
-8
Evaluate 2 + -35 - (-86 + 60).
-7
Calculate (-3 - 3) + -5 + -7 + 12 - -25.
19
(-1 - -2) + (4 - 7) + 7 + 2
7
What is the value of 12 - ((-6 - -8) + -4) - 27?
-13
Evaluate 4 + -15 - -12 - (-11 - -16).
-4
Evaluate (-1 - 2) + -4 - (-25 - 3).
21
40 - (25 + 43) - -66
38
(-13 - (13 + -36)) + (2 - 1 - 2)
9
What is (-29 - -12) + -4 + 37?
16
What is the value of -13 - (-9 + 6 + -6)?
-4
Evaluate 0 + -14 + (110 - 103) + (3 - 1).
-5
-10 + -1 + 8 + (4 - 3)
-2
What is (-25 - 0 - (-52 + 45)) + 11?
-7
(16 - (-2 + 5 - 2)) + (14 - 13)
16
What is the value of -14 + 29 + -13 - (1 + 2 - -6)?
-7
Calculate -6 - 1 - (-12 - -11 - 13).
7
Evaluate (-30 - (17 + (-26 - -5))) + 3.
-23
(-19 - -12) + 12 - -1 - (1 - -14)
-9
Calculate (3 - (-31 + 20)) + -25.
-11
Evaluate 4 - (-5 + -7) - 36.
-20
What is 3 + -1 + -1 + -3 - -8?
6
What is the value of (39 - (0 + 7 + -1)) + (-22 - -12)?
23
(-2 - (0 - 5)) + (-276 - -247)
-26
Calculate -69 - (-15 - (1 + 22)).
-31
-16 + -23 + 46 + -3
4
Calculate (127 - 113) + (-61 - -15).
-32
Calculate (5 - 0) + 5 + -6.
4
3 + (0 - -7) - 11 - (-3 - -1)
1
Evaluate -2166 - -2146 - (1 + (-1 - 0)).
-20
(9 - 5) + -6 + (2 - -2)
2
(1 - 42) + -188 + 221
-8
What is the value of 4 + -32 + (-15 - -46)?
3
What is (-14 - -24) + -5 + 1 - 8?
-2
What is the value of 0 - (25 + (-11 - 2))?
-12
Evaluate -11 + -2 + 12 + -3 + -6.
-10
Calculate (2 - (-10 - (-2 + -2))) + -389 + 359.
-22
What is the value of 24 - (-8 - (-14 + 1 - -1))?
20
Calculate -11 + 14 + -10 + -11 - (-5 - 0).
-13
Evaluate -9 - (0 - 14) - 5.
0
What is the value of 0 + 1 - (-56 - -55)?
2
Calculate -12 + (2 - (-8 + 6)) + -6 + -5.
-19
-21 + (5 - 4) - (13 + -21)
-12
What is 3 + 3 + 3 + -2 - (-11 + 2)?
16
What is the value of -30 + 52 + -24 - -11?
9
What is (19 